Let y be p(-13). Suppose -4*h - s + 16 + 2 = 0, y*h = -2*s + 24. What is the greatest common divisor of 10 and h?
2
Let l(i) = -10*i - 2. Let j be l(-3). Suppose 102*u = 106*u - 8. Suppose -10 = -g + u*w + w, w + 6 = g. Calculate the greatest common divisor of g and j.
4
Suppose 2*k = -x + 11 + 35, -82 = -3*k + 5*x. What is the greatest common factor of k and 102?
6
Let w(s) = -24*s**2. Let y be w(-1). Let l = y + 38. Let r be (6/(-3) - 0)/(3/(-168)). What is the greatest common divisor of r and l?
14
Suppose 0*c + 66 = 2*m - c, 0 = -2*m + 4*c + 54. Let n = -2611 - -2646. Calculate the greatest common divisor of n and m.
35
Let a be -7*2/(-42)*48. What is the greatest common factor of a and 8?
8
Let a(f) = f**3 + 5*f**2 - 8*f - 5. Let g be a(-5). Let o be -4*91/312*-6. What is the greatest common factor of g and o?
7
Let y(u) be the second derivative of u**2 - 5/3*u**3 + 1/12*u**4 + 0 + u. Let w be y(10). Calculate the highest common divisor of w and 10.
2
Let j be (-229)/(-11) + (-2)/55*-5. Let h be (-1)/7 - (-66)/j. Calculate the greatest common factor of h and 5.
1
Suppose -16*l + 26 = -134. Calculate the highest common divisor of 3010 and l.
10
Let k(w) = -w**3 - 2*w**2 - 4*w + 5. Let s be k(-5). Let i = 104 - s. What is the highest common factor of 92 and i?
4
Let v be 19/((-570)/(-1376)) + (-8)/(-60). Calculate the greatest common factor of 621 and v.
23
Suppose 5*a + 13*d - 10*d = -15, 3*a = 3*d + 15. Suppose a*b - 4*b = -k - 128, 128 = 4*b - 3*k. Calculate the highest common divisor of 4 and b.
4
Let j be 20*30/8 + -5. What is the greatest common divisor of 98 and j?
14
Let u be (-5)/40 + 737/8. Calculate the highest common divisor of 69 and u.
23
Let y = -4 - -12. Let t be (y/5)/(2/20). Let r = -2548 + 2596. What is the highest common factor of r and t?
16
Suppose 24 = 3*m - 48. Let n(p) = p**2 - 25*p - 18. Let z be n(26). Suppose -17 = -o - y, -y - 3*y + z = -o. What is the highest common divisor of m and o?
12
Let o be ((-35)/5)/(-14)*82. What is the highest common divisor of 1189 and o?
41
Let u be 167 + (2 - 7) + 1*-1. Suppose -38*k + u = -31*k. Calculate the greatest common factor of 92 and k.
23
Let j be ((-78)/18)/(2 + 417/(-207)). Calculate the highest common divisor of 65 and j.
13
Suppose 4*i + 446 = 4*o - 1170, -1216 = -3*o - i. What is the highest common factor of 45 and o?
45
Let o(l) = l**2 + 2*l + 12. Let h be o(-8). Let z(s) = -s**2 - 11*s - 5. Let v be z(-10). Let i = h - v. What is the greatest common factor of 5 and i?
5
Let t(f) = 22*f + 244. Let u be t(-9). What is the greatest common factor of u and 414?
46
Let r be (15/12)/((-2)/(-8)). Calculate the greatest common factor of r and 205.
5
Let p be 4/(-4) + 56 - (-3)/(-3). Calculate the greatest common divisor of 36 and p.
18
Let f be (968/40 - 3) + 1/(-5). Let l(m) = m + 580. Let d be l(0). Let g = d + -412. Calculate the greatest common divisor of f and g.
21
Let x = -249 + 529. Suppose -10*w - 4*w = -x. Let b = 22 + 198. What is the highest common divisor of b and w?
20
Suppose 0 = -6*w - 19 + 193. Suppose -w = -r + 70. Calculate the highest common factor of r and 9.
9
Suppose -5*z + d + 8 = 0, 5*z + 2*d + 3*d = 20. Suppose -t - z = 0, 3*t = -5*g + 12 + 22. Calculate the greatest common factor of 2 and g.
2
Let o(v) = 5*v + 2. Let g(m) = -25*m - 9. Let d(l) = -2*g(l) - 11*o(l). Let z be d(-3). Let n = 645 + -634. Calculate the highest common factor of z and n.
11
Suppose -3*c = -4*v + 490, 2*v - 232 = -6*c + c. What is the highest common divisor of 55 and v?
11
Let i be 5/(100/8) - (-3776)/10. What is the highest common factor of i and 54?
54
Let l = -10 - -8. Let w(d) = -d**3 + 3*d + 2. Let x be w(l). Suppose -3*t - c = -0 - 34, -10 = -3*t + 5*c. What is the highest common factor of t and x?
2
Let h(b) = b**2 - 3*b - 73. Let o be h(11). What is the highest common divisor of 9 and o?
3
Suppose 3*k = -2*q + 56 + 24, -2*q + 50 = 2*k. Suppose 21 = 5*y - 54. What is the greatest common factor of y and k?
15
Let p be 4 - (4 - (-5 - -9)). Let f = 39 - 38. What is the greatest common factor of f and p?
1
Suppose -4*q = -11 - 9. Let s be 1*-7*(-6 - -1). Calculate the highest common factor of s and q.
5
Let y = -48 - -88. Let q = 2 - -3. Suppose -4*f - 15 = g, 2*f - 7 - 8 = -q*g. What is the highest common factor of y and g?
5
Let p(f) = -11*f - 95. Let k be p(-11). What is the greatest common divisor of k and 26?
26
Suppose -21*k = -19*k. Suppose 6*a = -k*a + 540. Calculate the greatest common divisor of 36 and a.
18
Let p be 7/28 + 86/8. Suppose -7*n - 300 = -p*n. Suppose 0 = -b + 2*b - 3*g - n, 2*b + g = 171. What is the greatest common factor of 12 and b?
12
Let t be (-7)/28 + 174/(-8). Let z = t + 33. Suppose -2*a + 1 = -z. What is the highest common divisor of a and 3?
3
Suppose 4*f = 43 - 3. Let z = -36 - -66. Suppose 0 = -3*l + 6*l - z. What is the greatest common factor of f and l?
10
Let x be (-6)/(-8) - (-6)/24. Let m = x + 5. Suppose 10*n = 29*n - 1254. Calculate the greatest common factor of n and m.
6
Let x(k) = -k**3 + 41*k**2 - 79*k + 183. Let m be x(39). Calculate the highest common divisor of m and 360.
72
Let g be (4/10)/(2/(-20)) - 204. Let y be ((-14)/4 + 2)/(3/g). Calculate the greatest common divisor of y and 26.
26
Let x be 10/(-4)*-2*11. Let w(k) = -k + 15. Let s be w(-7). Calculate the greatest common divisor of s and x.
11
Let u = -35 + 34. Let f be (u/3)/(2 + (-73)/36). Calculate the highest common divisor of f and 120.
12
Let v = 991 - 943. Calculate the greatest common divisor of v and 224.
16
Suppose -9*m = -29 + 146. Suppose 2*o - 3*o - 65 = 0. Let w be (-452)/(-10) - m/o. What is the greatest common divisor of 15 and w?
15
Suppose 5*p - 31 - 139 = 0. Suppose 4*o - 36 = 5*t, 0*o + 2*t + p = 3*o. What is the highest common divisor of o and 14?
14
Let j = 398 - -77. What is the greatest common factor of j and 175?
25
Let b(f) = -12*f. Let y be b(-1). Suppose 5*i + 228 + 232 = 4*o, -3*i = y. Let a = 24 + -14. What is the highest common factor of o and a?
10
Suppose 0 = -2*g - g - l + 24, 4*l - 24 = -4*g. Suppose 25 = 5*k - 4*r, 16*k - 19*k + 5*r = -28. What is the greatest common divisor of k and g?
1
Suppose 4 = 6*k - 26. Suppose 0*g + 5*g + 40 = 3*m, -m - g + 24 = 0. Calculate the greatest common divisor of k and m.
5
Let k(i) = i - 16. Let p be k(0). Let h be 19 + 3/((-12)/p). Calculate the highest common factor of 46 and h.
23
Let f(b) = 4*b + 2. Suppose -3*u - 5 = 4*w, -2*u + 2*w + 0*w - 8 = 0. Let x be f(u). Let k be (-4)/x - (-26)/10. What is the highest common factor of 6 and k?
3
Let j = 38 + -13. Suppose -53*h = -50*h - 75. Calculate the highest common factor of j and h.
25
Let c be (-16)/(-4)*7/2. Let v = c - 4. What is the greatest common factor of v and 70?
10
Suppose 0 = -4*l + 143 - 11. Suppose 71*g + 396 = 77*g. What is the highest common divisor of l and g?
33
Suppose 0 = -m - 4*u + 7*u - 20, 2*u = -5*m - 66. Let k(z) = z**2 + 14*z + 1. Let y be k(m). What is the greatest common factor of 11 and y?
1
Let p(x) = -11 - 5*x**2 - 5*x**2 + 10*x + 7 + x**3. Let t be p(9). What is the greatest common divisor of t and 55?
5
Let o = 1095 - 991. What is the greatest common factor of o and 208?
104
Let a = -1243 + 1244. Calculate the highest common divisor of 57 and a.
1
Let g be 1 - (0 + -11*4). Let l(y) = -y**3 - 22*y**2 - 22*y - 6. Let u be l(-21). What is the greatest common factor of u and g?
15
Let v(l) = l**2 + 5*l + 4. Let c be v(-5). Suppose 518 = c*q + 2*p, -q + 3*p = 7*p - 112. Calculate the highest common divisor of 12 and q.
12
Let n be (-4)/18 - (-4)/(-144)*-188. Let f = -90 + 165. Suppose 0 = 4*x - 16, -u + f = 2*x - n. Calculate the greatest common divisor of u and 24.
24
Let n(a) = -7*a + 2. Let y be n(-2). Let m be 3/12 + (-129)/(-12). Suppose 3*i = -j + 23, 5*i + 5*j = 3*i + m. Calculate the greatest common divisor of y and i.
8
Let m(c) = -c**2 - 2*c + 13. Let f be m(3). Let w be (f + 1/(-3))*-3. Calculate the greatest common factor of 49 and w.
7
Let j be (6/18)/((-1)/(-21)). Suppose -5 = -d + 16. Calculate the greatest common factor of d and j.
7
Suppose -61*g + 109020 = -g. Calculate the highest common factor of g and 79.
79
Let b be (-1 + -2)/(3/(-9)). Suppose -b = -u - 4. Suppose -4*l + 28 = -132. What is 